12 = 0, -4*o + 4*s - 16 = -8*o. Suppose 3*l + 3*r - o*r - 1947 = 0, -5*r - 1298 = -2*l. What is the hundreds digit of l?
6
Let v(y) = 90*y**2 - 16*y + 47. Let z be v(4). Let x = z - 611. What is the tens digit of x?
1
Let o(p) be the first derivative of 2*p**3 - 7*p**2/2 + 4*p + 28. What is the tens digit of o(4)?
7
Let w(h) = -5*h**2 - 3*h + 1. Let o be w(-1). Let s be 3 + 2 + o + -2. Suppose 314 = s*n - 0*n. What is the hundreds digit of n?
1
Let f = -36950 - -63808. What is the tens digit of f?
5
Suppose -22*g + g = 588. Let p be (-2)/5 + 36/(-10). Let f = p - g. What is the units digit of f?
4
Let v = 44 - 40. Suppose v*q - 4709 = -3*o, 4*q + 0*o - 4697 = o. What is the thousands digit of q?
1
Suppose -36*t = -25420 - 62852. What is the units digit of t?
2
Suppose -1455758 + 517670 = 18*m. What is the tens digit of (-6)/9 - m/36?
4
Let x(m) be the first derivative of m**3 + 9*m**2/2 + 48*m - 169. What is the hundreds digit of x(-18)?
8
Let r be (4 - 28)/1*(-169)/(-3). Let h be r/(-64) - 2/16. Let s = 1 + h. What is the tens digit of s?
2
Let m(q) = q**3 + 57*q**2 + 140*q + 59. What is the units digit of m(-51)?
5
Let q = 61 - -305. Suppose -6*i + q = -4*i. Suppose 7*c = 496 + i. What is the tens digit of c?
9
Suppose 8*s - 152 + 8 = 0. Let a = s + -89. Let q = a + 73. What is the units digit of q?
2
Let s = 14394 - 13069. What is the thousands digit of s?
1
Let o(z) = -93*z - 22. Let a(x) = x - 4. Let r be a(1). Let q be o(r). Let k = -180 + q. What is the tens digit of k?
7
Let w be 63/36 + (-2)/(-8). Suppose -7*f = -w*f + 10. What is the tens digit of 0 + (0 + (f - -5) - -35)?
3
Let y = 10 - 5. Suppose 3*m + y*l - 60 = -2*m, 4*m - 48 = 4*l. Suppose 4*d - 5*c = -0*c + 83, d = 3*c + m. What is the units digit of d?
7
Let v = 5917 + -2626. What is the hundreds digit of v?
2
Let r = 166 - 184. What is the units digit of r/(-12)*-96*(-6)/4?
6
Suppose 7*r - 4*x = 9*r - 40, 3*x = -r + 22. Let a(k) = k**3 + k**2 + 19. Let o be a(0). Suppose o*u = r*u + 120. What is the units digit of u?
0
Let c(f) = 4346*f**3 + 6*f**2 - 2*f - 1. What is the units digit of c(2)?
7
Suppose 2231 = 8*x - 31*x. What is the units digit of x*(-4 - (-6 + 3))?
7
Suppose 19*u = 28*u - 1080. What is the hundreds digit of (u/(-16))/((-4)/104)?
1
Let t be (5/10)/((-2)/(-12)). Suppose 2*c - 1904 = -4*i, -6*c + 10*c = t*i - 1439. Let r = i - 246. What is the tens digit of r?
3
Suppose -5*c + 2*x = 25, 18*c - x + 9 = 16*c. What is the tens digit of (50830/90 - c) + 2/9?
7
Suppose 23*p = 23361 + 170069. What is the tens digit of p?
1
Suppose 0 = 5*i - 11 + 1. Suppose 5*b = 2*g + 174 + 344, g - 200 = -2*b. Suppose c - i*k = -0*c + b, -4*c - k = -363. What is the units digit of c?
2
Suppose -15*y + 11*y = 1232. Let t be (-4 - y/8) + (-3)/2. Let n = 80 - t. What is the tens digit of n?
4
Let c = 76 - 56. Suppose 4216 = c*y - 3*y. What is the tens digit of y?
4
Let c(x) = 76*x + 14. Let h be c(2). Let y = h + 39. What is the units digit of y?
5
Let z = -18276 - -26093. What is the tens digit of z?
1
Let l(m) = -7*m**3 - 3*m**2 + 3*m + 3. Let b be (8 - 11)*(0 - -1). Let q be l(b). Let p = -90 + q. What is the tens digit of p?
6
Let k be 2/(-8) + 2711/(-4). What is the tens digit of 2 + -8 - (k + 7 - -5)?
6
Suppose -7*x - 5 = -12*x. Suppose -4*a - 4*g + 2 = -2*a, g = -x. Suppose 0 = w + 2*s - 41, -w + a*s = 18 - 44. What is the tens digit of w?
3
Let f(d) = -6*d**3 + 22*d**2 + 3*d - 52. Let p(c) = -7*c**3 + 22*c**2 + 2*c - 51. Let n(l) = 6*f(l) - 5*p(l). What is the tens digit of n(22)?
1
Let b(t) = -4*t**2 - t - 11*t - 12 + 7*t**2 + t + t**2. What is the hundreds digit of b(-14)?
9
Suppose -2*i = -i. Suppose 3*m - 2*y - 1232 - 322 = i, -y + 1545 = 3*m. What is the units digit of m?
6
Suppose 0 = -38*b + 17*b - 315. What is the tens digit of (-9)/b + (-3303)/(-45)?
7
Suppose 22 = -2*m + 3*p - 1, -2*m + 2*p = 18. Let a(w) = -4*w**3 + 7*w**2 + 8*w - 7. What is the units digit of a(m)?
9
Suppose 1801 = 6*j + 1717. Let o be -3 + (43 - (-4)/2). What is the units digit of (-4)/j - (-1986)/o?
7
Suppose 0 = -30*h - 6*h + 180. Suppose 0 = h*o - 9*o + 1908. What is the hundreds digit of o?
4
Suppose -390*q - 269342 = -3901022. What is the tens digit of q?
1
What is the tens digit of ((-378)/441)/(-2 - (-175389)/87696)?
5
Suppose 0 = 4*y - s + 725, -12*y - 2*s - 890 = -7*y. Let m = y + 816. What is the hundreds digit of m?
6
Suppose -5*x = 2*c - 5*c - 159, 108 = 4*x + 4*c. Let a be 2/(-3) - 2020/x. Let n = 182 + a. What is the units digit of n?
4
Suppose 10308 = n - 2*k, -10304 = -39*n + 38*n + 3*k. What is the thousands digit of n?
0
Let v(h) = -h**3 - 4*h**2 - 5*h - 4. Let b be v(-3). Suppose 0 = 2*u + b*u + 2*d - 40, -36 = -2*u - 5*d. What is the units digit of (0 + (-4)/u)*-2?
1
Suppose -38*n = -45*n - 19*n + 1014. What is the tens digit of n?
3
Let a(d) = 216*d**3 - 17*d**2 + 92*d - 76. What is the tens digit of a(7)?
2
Suppose 0*r = -3*r. Let d be 2427/(-7)*147/(-63). Suppose r = 5*v - 151 - d. What is the hundreds digit of v?
1
Let a(j) = 3*j**2 + 133*j + 38. What is the thousands digit of a(-67)?
4
Suppose -60 = -2*h + q - 5*q, 2*h - q = 85. Let r = h - 38. Suppose 32 = c + 3*d, c + 3 = -r*d + 38. What is the tens digit of c?
4
Suppose 77566 = 32*t + 32456 - 242250. What is the tens digit of t?
8
Suppose -s + 3*s - 2 = 0. Suppose z + f - 4 = 0, z + 4*f - 2 = -s. Suppose -z*x - m + 27 = -138, 2*m + 132 = 4*x. What is the units digit of x?
3
Let d(b) be the second derivative of b**4/12 + 5*b**3/3 - 8*b**2 + 20*b. Let z be d(-11). What is the units digit of 1*(1310/25 + (-3)/z)?
3
Let y = -162 - -164. Suppose -y = 8*i - 10*i, -3*j + 1079 = -i. What is the hundreds digit of j?
3
Let l = 6977 - 3690. What is the tens digit of l?
8
Suppose -2*r + 24724 = c - 24953, 5*c + 99403 = 4*r. What is the hundreds digit of r?
8
Let m(j) = j**3 - 6*j**2 - 8*j + 5. Let h be m(4). Let o = h + 70. Suppose -o*t - 16 = -1842. What is the tens digit of t?
6
Suppose -10*m + 90 = 8*m. Suppose -265 = -m*s - 50. What is the tens digit of s?
4
Let h(x) = 47*x**2 + 19*x + 213. What is the thousands digit of h(-10)?
4
Suppose -29*p + 25*p + 2068 = 0. Let y = p + -218. What is the units digit of y?
9
Suppose -15*a + 23*a - 1424 = 0. Let l = 998 - a. What is the tens digit of l?
2
Let x(d) = -3354*d - 138. Let b be x(-12). What is the units digit of (-2)/(-9) + b/54?
3
Suppose -5*j - 4*b = -3153, -2985 = -6*j + 4*b + 781. What is the units digit of j?
9
Let k(w) = -w**3 - 4*w**2 - 10*w - 75. Let n = -281 - -275. What is the tens digit of k(n)?
5
Suppose 4*z - 4*a + 296 = 0, -2*z - 146 = -8*a + 5*a. Let y = z - -112. Suppose -q = 2*v - 7 - y, -4*v + 209 = 5*q. What is the tens digit of q?
4
Suppose -3*y - 19478 = -2*b, -15463 = -3*b + y + 13740. What is the thousands digit of b?
9
Let b be (2/(-4))/((-1)/10). Let p(t) = -t**2 - t + 55. Let f be p(6). Suppose f = q + 5*r, 0 = -b*q + r + 37 + 80. What is the tens digit of q?
2
Let h = -37 + 40. Let i(g) = 9*g - 8 + g**2 + h - 5. What is the tens digit of i(-13)?
4
Let j be (114/(-12))/(-1 - (-90)/92). Let v be 1*(67*-4 + 2). Let i = v + j. What is the tens digit of i?
7
Let c(o) = 2*o**2 + 10*o + 26. Let s(b) = 14*b**2 - 123*b - 6. Let w be s(9). What is the units digit of c(w)?
8
Let g = -30 + 56. Let i = 1106 + -1096. Suppose -31*n = -g*n - i. What is the units digit of n?
2
Let s(k) = 35*k**2 + 42*k + 418. What is the hundreds digit of s(-16)?
7
Suppose -2*m - 2*p = -11574 - 25556, -m = -11*p - 18637. What is the thousands digit of m?
8
Let x be 0 + 6*(4/(-6))/1. Let y(z) = 8*z**2 + 9*z + 20. Let j be y(x). Let m = 186 - j. What is the units digit of m?
4
Let z(j) = 8*j + 6. Let q be z(1). Suppose 3*w + 2*b - 6 = 0, 4*w + 1 + q = 5*b. Suppose -5*t + 890 = 2*k - 5*k, w = k. What is the tens digit of t?
7
Suppose -4*j + 3 + 13 = 0. Let r(s) be the third derivative of -s**5/60 + s**4/4 - s**3/2 - 30*s**2. What is the units digit of r(j)?
5
Suppose -3*r + 11998 = -0*u - u, -5*u = 3*r - 12028. What is the units digit of r?
1
What is the thousands digit of (190/(-15))/(8/(-768))?
1
Suppose -3370 - 1465 = -5*v. Let g = v + -248. What is the units digit of g?
9
Suppose -9*a + 756 = -135. Let l = 113 + -169. Let p = a + l. What is the tens digit of p?
4
Suppose 12*p - 51 =